- (2 + -8)). What is the greatest common divisor of 1 and t?
1
Let g = -3 + -7. Let d = 10 + g. Suppose d = 3*z - 60 - 84. What is the greatest common factor of z and 32?
16
Let i = -2 + 18. Let n be 1/(-4 - (-68)/i). Suppose 2*x + 5*q = n*x + 4, q + 12 = 2*x. Calculate the highest common divisor of 20 and x.
4
Suppose -4 = -6*o + 2. Let d be (2 + o)/(2*(-2)/(-16)). What is the highest common factor of d and 2?
2
Suppose 4*o + 5*f = 377, -o = -6*o + 3*f + 425. Suppose 4*x = 2*d + 33 - 5, -x = -d - 6. What is the greatest common factor of x and o?
8
Let d(j) = 3223*j**3 - j**2 - j + 1. Let t be d(1). What is the greatest common divisor of t and 18?
18
Suppose -16*s = 15 - 143. What is the greatest common divisor of s and 56?
8
Let p be (8/12)/((-2)/(-39)). Let q be p/(-26) - (-278)/(-4). Let t = -5 - q. What is the greatest common divisor of t and 13?
13
Suppose -357 = -4*a + f, 4*f - 98 = -4*a + 234. Suppose 2*h + o - a = -25, 0 = h - 3*o - 49. Calculate the greatest common factor of h and 85.
17
Suppose 3*n + 5*b = 321, -2*n + 5*b = -113 - 126. What is the greatest common divisor of n and 644?
28
Let r(b) = 5*b + 12. Let z be r(13). Suppose -q - z = -8*q. What is the highest common factor of 44 and q?
11
Let s(k) = -2*k - 14. Suppose -2*q - 4*r = -0*q + 44, -3*q - 3*r - 75 = 0. Let a = q - -17. Let l be s(a). Calculate the highest common divisor of l and 64.
8
Let v(z) = -3*z**2 - 234*z + 1313. Let s be v(-83). Let l be 2/(-8) - (-138)/8. What is the highest common divisor of l and s?
17
Let k(p) = p**2 - 16*p + 59. Let g be k(13). Let x(w) = -61*w - 1. Let z be x(-1). What is the highest common divisor of z and g?
20
Suppose 0 = 4*u - 4, b + 3*u = u + 13. What is the greatest common factor of b and 77?
11
Let s = 0 + -1. Let c be (-1 - 3 - s)*-3. Let k = 14 - c. Calculate the greatest common divisor of 45 and k.
5
Suppose 2*d - 27 = -3*j - 2*d, 2*j - 3*d = 1. Suppose -j*h = -4*t + 130, 3*t = -2*t - 5*h + 140. Calculate the greatest common factor of t and 75.
15
Suppose 35 = -2*z + 7*z. Let u be 3/((-611)/(-152) + -4). Suppose 5*t = -12 + u. Calculate the highest common factor of z and t.
7
Let c(y) = -21*y - 96. Let d be c(-8). Calculate the highest common divisor of 8 and d.
8
Let o be (-2)/(-3) - (-1022)/6. Let y be (738/(-8))/9*-4. Suppose y*x - 44*x = -57. What is the greatest common divisor of o and x?
19
Suppose -19*l = -15*l - 16. Let u(b) = 8*b. Suppose 3*s - 2*s = 4. Let z be u(s). What is the highest common divisor of l and z?
4
Let l be (5/3)/(36/27 - 1). Calculate the greatest common factor of 95 and l.
5
Let h = -326 - -328. What is the highest common divisor of h and 58?
2
Let x be -8 + 70/21*159. Calculate the greatest common divisor of x and 72.
18
Suppose -141 = -v - 111. What is the highest common factor of 370 and v?
10
Let k(c) = 2 + 0 + 2*c - 4*c**2 + 5*c**2. Let z be k(-2). Suppose 12 = 3*t + 4*d - 13, -5*t - z*d = -37. Calculate the greatest common factor of 63 and t.
7
Suppose 5*o - 467 = -c, 4*c + 178 = 18*o - 16*o. What is the greatest common factor of o and 3627?
93
Suppose 57 = -4*r + 61. Suppose -24 = -2*d - 2. What is the highest common factor of d and r?
1
Suppose -2 = -s + 3. Suppose 0 = s*u - 58 - 17. Let g = 31 + -26. Calculate the highest common factor of g and u.
5
Let b = 687 - 451. What is the highest common divisor of b and 4?
4
Let q(r) = -r + r + r + 0. Let z be q(1). Suppose 3*n - 15*n - 3*n + 120 = 0. What is the highest common divisor of z and n?
1
Let w be ((-5)/4)/((-96)/33024). Calculate the greatest common factor of 10 and w.
10
Let i = -44 + 84. Let g be 14004/234 + (-2)/(-13). What is the highest common factor of g and i?
20
Let a be -36*(0 + 82/(-8)) + 6. What is the greatest common divisor of a and 60?
15
Let a = 356 - 210. Suppose 3*t + t - 120 = 4*i, 4*i = 5*t - a. What is the greatest common factor of t and 65?
13
Let x(o) = -7*o - 29. Let g be x(4). Let b be g/19 - (-1 + -40). What is the highest common factor of b and 152?
38
Let h = -1757 - -2148. Calculate the highest common divisor of 207 and h.
23
Let w be (3/2 - (-9)/6) + -8. Let s be 48/4*w/(-3). Calculate the highest common factor of s and 50.
10
Let h = -3 - -17. Let k be (-716)/(-24) + 1/6. Let i be 767/5 + 18/k. Calculate the greatest common factor of h and i.
14
Let b(d) = d**3 - 17*d**2 + 13*d + 51. Let f be b(16). Calculate the highest common divisor of 4 and f.
1
Suppose -23*u + 640 = -3*u. Let x be (-4)/(u/(-20))*4. Calculate the greatest common divisor of x and 4.
2
Let m be (-2)/4*(-1 - -1). Suppose m = -2*s - 4*j - 3 + 57, 3*s - 2*j = 65. Calculate the highest common factor of s and 92.
23
Let s = -13 + 28. Let t(m) = m**3 - 15*m**2 + m - 12. Let f be t(15). Suppose -4*k = -f*k + 3*x - 102, 3 = -3*x. What is the greatest common divisor of k and s?
15
Let p be ((-126)/12 + 4)/((-2)/4). What is the greatest common divisor of p and 208?
13
Suppose -3*r = 3*r. Suppose 34 = -r*g + 2*g - 4*k, 2*g + 2*k = 16. Calculate the greatest common factor of g and 1.
1
Suppose 13 + 14 = -3*g. Let r be 1*(-1)/(3/g). Let x be 4 - (-2)/(-2*1). Calculate the highest common divisor of x and r.
3
Let h(z) = -z**2 + 8*z - 10. Let s be h(5). Suppose -7*n = -s*n - 6. Suppose 0 = -0*y - 3*y + 63. Calculate the highest common factor of n and y.
3
Let s = 7 - 13. Let z be ((-172)/8)/(2/76). Let y be z/(-9) - s/27. What is the highest common factor of y and 13?
13
Let k = 217 - 201. Calculate the highest common divisor of k and 64.
16
Suppose 3*n = 2*a + a - 33, -2*n + 44 = 4*a. Let w = 30 - a. Let l(f) = -64*f - 431. Let q be l(-10). What is the greatest common factor of q and w?
19
Let g be -2 - (-8)/2 - 2. Suppose 4*l - 64 = -g*l. Let w = l - -8. What is the greatest common divisor of w and 6?
6
Suppose 3*s - 7 = 2*r, -3*r - 34 = 2*r - 2*s. Let o be 5/(-2) + (-4)/r. Let b be o*(-3)/2 + 6. What is the highest common divisor of 9 and b?
9
Let n be (10/(-25))/((-2)/70). Let i be 5 + 1 + 9/(-3). Suppose -3*d + 88 = 5*v, i*d = v - 4*v + 78. Calculate the highest common divisor of d and n.
7
Suppose 15157 = 14*g + 5637. What is the highest common divisor of g and 20?
20
Suppose 0 = -4*a - 0 + 8. Suppose 0 = 3*z + 9 - 3. Let i be 2/(z*(-2)/8). Calculate the highest common factor of a and i.
2
Let v be (-4 + -14)/(-3) + -3. Suppose 0 = i - 0*i + u + 75, 0 = -v*i + 3*u - 255. Let p be (-9)/(-6)*i/(-3). Calculate the highest common factor of p and 16.
8
Let d be 39 - (-3 + 2 + 3). Suppose 43 = 2*v - 0*n - n, -n = 2*v - d. What is the greatest common factor of 160 and v?
20
Let v(h) = 69*h**2 - h + 2. Suppose k - p = 2, -4*k + 3 = -p - 2. Let r be v(k). Suppose 2*g = -0*g + 56. What is the highest common factor of g and r?
14
Let g(w) = -w**2 + 3*w + 4. Let i be g(3). Suppose 2*m = -i*m + 96. What is the highest common divisor of m and 144?
16
Let b(f) = -4*f - 3. Let n be b(-4). Let m = -22 + 25. Let h be 1 - -2*(m - -3). Calculate the greatest common divisor of n and h.
13
Suppose 3*c = 2*c + 3*n + 103, -3*c + 5*n + 297 = 0. Calculate the highest common factor of c and 47.
47
Let n(t) = -t**3 + 8*t**2 + 10*t - 5. Let y be n(7). Let s be ((399/5)/(-7))/((-96)/90 - -1). What is the greatest common factor of y and s?
57
Let s be -1 - (-1)/(-2)*-8. Let c be (-190)/(-30) - 1/s. Suppose 6*w - 132 = 4*w. What is the greatest common divisor of c and w?
6
Let i(h) = -h**3 + 12*h**2 - 12*h + 13. Let y be i(11). Let o be (y - 2) + 4 - -6. Calculate the highest common divisor of 90 and o.
10
Suppose -37*k + 236 = -430. Let p = -11 + 20. What is the greatest common factor of p and k?
9
Let h = 7 - 0. Suppose -2*z = -h*z + 15. Suppose -z*i = -4*i + 6. What is the highest common divisor of 6 and i?
6
Let i be (2 - -30)*(-1)/(-2) + 3. Let u = i - -23. What is the greatest common divisor of u and 6?
6
Let u = -2349 - -2388. What is the greatest common factor of 1625 and u?
13
Suppose 0 = 7*x - 23 - 5. Let t be ((-6)/x)/(3/(-6)). What is the greatest common factor of t and 1?
1
Let b(p) = -p**3 - p**2 - p + 3. Let m be b(-3). Let v(i) = 16*i + 32 - 48 + 10*i. Let z be v(8). Calculate the greatest common divisor of z and m.
24
Let k(o) = -o + 6. Let s be k(7). Suppose -28*u + 60 = -23*u. Let z be u/(-3) - s - -7. What is the greatest common factor of 1 and z?
1
Let y